alculate the remainder when 108 is divided by a/(-286) - i/(-13).
34
Suppose 0 = -3*m + 3*a + 1092, -3*m - 6*a = -7*a - 1104. Calculate the remainder when m is divided by 56.
34
Suppose -16*v + 1269 + 587 = 0. What is the remainder when 118 is divided by v?
2
Let m = 18 + -9. Calculate the remainder when 81 + (2 + 1 + -2)*8/(-4) is divided by m.
7
Let n = -19 - -23. Suppose 5*r - 2*l - 565 = -34, 12 = -n*l. Suppose r = -2*a + 7*a. What is the remainder when 60 is divided by a?
18
Suppose 60*i = -11*i + 34151 + 14839. What is the remainder when i is divided by 3?
0
Suppose 13*s - 102 = 457. Calculate the remainder when 2450 is divided by s.
42
Let r = -79 + 50. Let l = -10 + r. Let y = l + 44. Calculate the remainder when 16 is divided by y.
1
Let z = -9640 - -10415. Calculate the remainder when z is divided by 11.
5
Let y = -205 + 211. Let l(w) = w**2 - 17. Calculate the remainder when 59 is divided by l(y).
2
Let l = -5 + 9. What is the remainder when (14/l)/(-3 - (-230)/76) is divided by 9?
7
Let u(t) = -14*t + 127. What is the remainder when 65 is divided by u(8)?
5
Suppose x + 16*p - 17*p - 2644 = 0, -4*p - 5288 = -2*x. What is the remainder when x is divided by 27?
25
Suppose 2*n + 7 = v + 3, -2*n = -5*v + 60. Let g = v + -12. Suppose 0 = -d - g*d + 84. Calculate the remainder when d is divided by 10.
8
Let w = -43 - -31. Let l be 8/w + (-4)/(36/93). Let p = 23 + l. Calculate the remainder when 44 is divided by p.
8
Let a = -20 - -20. Suppose 2*o - 2 + 4 = a. Let y(k) = k**3 + 3*k**2 + k. What is the remainder when 1 is divided by y(o)?
0
Let x(g) = -43 + 14 - 53*g + 7 + 11. Suppose -2*m + 96 = 2*m. What is the remainder when x(-2) is divided by m?
23
Let n be 549*16/(-36)*3. Let f be 12/(-42) - n/14. Let g = f - 34. Calculate the remainder when g is divided by 10.
8
Calculate the remainder when ((-5454)/216)/((-1)/8*2) is divided by -10*(4 - 264/60).
1
Let m(s) = -s**3 + 8*s**2 + 5*s + 7. Let h be m(8). Suppose 0 = h*l - 45*l - 16. What is the remainder when (41/2)/(4/l) is divided by 6?
5
Let r(b) = 178*b - 7. Let u be r(2). Let l be 6/27 - (u/(-9) + -1). Let o = -27 + l. What is the remainder when 22 is divided by o?
9
Let z(k) = 3*k**2 - 29*k + 47. Let x(b) = -b**2 + 15*b - 23. Let m(u) = -5*x(u) - 2*z(u). Calculate the remainder when m(-15) is divided by 11.
7
Calculate the remainder when 1/(-5) + (2 + 56084/60)*3 is divided by 148.
146
Let m = -151 + 291. Let k(b) = b**3 - 7*b**2 - 38*b + 276. Calculate the remainder when m is divided by k(8).
32
Let x be (1242/(-9))/(-6) - (1 + 1). Suppose x*u + 528 = 33*u. Calculate the remainder when 262 is divided by u.
42
Suppose 0 = 3*v + 5*p - 1683, -242 = -2*v - 2*p + 884. What is the remainder when v is divided by 192?
182
Let s(x) = 2*x**2 - 68*x + 3. Let k be s(35). Suppose -3*q - 2*r + r + k = 0, 100 = 4*q + 2*r. Calculate the remainder when q is divided by 10.
3
Suppose b + 9*m - 41 = 5*m, -3*b + 63 = -3*m. Suppose 2551 = b*z - 5024. Calculate the remainder when z is divided by 79.
66
Let i = -17 - -20. Suppose 0 = -7*c + 9*c - 44. What is the remainder when 136/c + (-10)/55 is divided by i?
0
Let p(v) = -v**3 - 4*v**2 + 20*v - 31. What is the remainder when p(-13) is divided by 44?
42
Suppose -692 = -10*h + 88. Let y = h + -74. Suppose 3*s + 6*r - 2*r = 267, 0 = -y*s - 4*r + 352. Calculate the remainder when s is divided by 11.
8
Suppose 2*p - 4*i = -10, -4*i + 13 = -22*p + 21*p. What is the remainder when 218 is divided by p - (-96 - 1 - 6/3)?
14
Suppose 252*o - 28239 - 2757 = 0. Calculate the remainder when 3071 is divided by o.
119
Let n = 10714 + -10611. Calculate the remainder when n is divided by 44.
15
Suppose 0 = -204*b - 86*b + 64739 - 8769. Calculate the remainder when b is divided by 33.
28
Let b = 17 - 7. Suppose -5*i = -4*n - 134, -i - 2*n - 54 = -3*i. Suppose g - c - 9 = 0, i = 2*g - 2*c - 2*c. What is the remainder when b is divided by g?
0
Let p(g) = 151*g**3 + 2*g**2 + 6*g - 9. Calculate the remainder when p(2) is divided by 75.
19
Suppose 3*d - c = 165, -275 = -d - 4*d - 3*c. Suppose 67*f - 7938 = 4*f. What is the remainder when f is divided by d?
16
Calculate the remainder when (14 + 7/(-21)*51)*2316/(-2) is divided by 19.
16
Suppose 0 = -4*l + 3*z - 7*z + 1048, 0 = 4*l + 2*z - 1046. What is the remainder when l is divided by 76?
33
Suppose 12 = 2*x - 2. Let l be 2016/(-1)*(-1)/6*-4. Calculate the remainder when l/(-132) - 4/22 is divided by x.
3
Let x be 1 + 555 - 0/((-10)/(-5)). Let p be (x/(-6))/(10/6 + -1). Let l = -92 - p. Calculate the remainder when l is divided by 12.
11
Let h(z) be the first derivative of -z**4/4 + 2*z**3 - 3*z**2/2 + 7*z + 5. Suppose 4*g + 3657 = 27*g. Calculate the remainder when g is divided by h(4).
24
Let j = 252 + -362. Let t = -89 - j. Calculate the remainder when 50 is divided by t.
8
Suppose 0 = 2268*g - 2264*g - 12468. What is the remainder when g is divided by 78?
75
Calculate the remainder when (-299 + -4)/((-4)/(5 + -1)) is divided by 74.
7
Let n = 1635 - 1462. Calculate the remainder when 860 is divided by n.
168
Let u(j) = 3*j**3 - 5*j**2 + 7*j - 1. Let t be u(3). Suppose -2*f + 25 - 1 = 2*w, -4*w + t = -4*f. Calculate the remainder when 127 is divided by w.
10
Suppose -17*x = -14*x - 168. Let v = 7 - 6. What is the remainder when x is divided by 1 + (-11)/(-1)*v?
8
Let z(h) = -4*h + 3. Let i be z(-10). Suppose -7*y - i = -8*y. Let w(m) = 6*m**3 + 10*m**2 - 27*m. Calculate the remainder when w(3) is divided by y.
42
Let o = -5510 + 5568. What is the remainder when 263 is divided by o?
31
Let p(j) = j**3 + 6*j**2 - 10*j - 13. Let v be p(-8). Let r = -55 - v. Calculate the remainder when (0 - 3) + 408/r is divided by 11.
10
Let i(y) = 27*y - 1189. Let v(k) = -9*k + 396. Let g(f) = -4*i(f) - 11*v(f). Suppose -l + 3*l = 556. What is the remainder when l is divided by g(40)?
38
Let h be 129/1*2/6. Suppose -15*q = -7*q - 120. Suppose y - l = h, q + 22 = y - 4*l. What is the remainder when y is divided by 16?
13
Let h = 81 - 55. Let d = h - 23. Suppose l + m - 1 = 20, -2*m = -d*l + 58. What is the remainder when 78 is divided by l?
18
Let d(h) = 34*h + 3. Let c be d(1). Let j be (c/3*1)/((-3)/(-9)). Suppose -j - 43 = -2*o. Calculate the remainder when o is divided by 11.
7
Let g = -4025 + 4044. What is the remainder when 59 is divided by g?
2
Let d = 1052 - -2723. What is the remainder when d is divided by 16?
15
Suppose -23*d = -43551 - 8620 - 62760. What is the remainder when d is divided by 25?
22
Let a(t) = 4*t**3 - 27*t**2 + 3*t + 12. Calculate the remainder when 895 is divided by a(7).
75
Let v = -21289 + 22818. Calculate the remainder when v is divided by 219.
215
Suppose -241*c = -243*c + 56. Calculate the remainder when (-3)/(-1) + (203 - 12) is divided by c.
26
Suppose 5*f - 6*f + 718 = -3*g, -4*f - 2*g = -2900. Let k = f - 663. Calculate the remainder when 119 is divided by k.
58
Let w = 274 + -579. Let a = -289 - w. What is the remainder when 138 is divided by a?
10
Let f be (6/(-8))/(((-49)/(-896))/(-7)). What is the remainder when 39/(-1 + 4/(f/42)) is divided by 6?
4
Let v = 2484 - 2421. Calculate the remainder when 285 is divided by v.
33
Calculate the remainder when 247 is divided by 99 + 5/((-20)/(-16)) - (15 - 18).
35
Let s(x) = -21*x**3 - x**2 + 2*x + 8. Let t(l) = -22*l**3 - l**2 + 2*l + 7. Let r(o) = -3*s(o) + 4*t(o). Calculate the remainder when 109 is divided by r(-1).
5
Suppose -5*x + 4*h = -1319, -35 + 37 = -2*h. Suppose y - 2*w - 59 + 5 = 0, -y = w - 39. Calculate the remainder when x is divided by y.
43
Let l = -1 + -10. Let b = 8 - l. Suppose -12*a = -558 - 78. Calculate the remainder when a is divided by b.
15
Let d = -4005 + 4102. Calculate the remainder when 269 is divided by d.
75
Suppose -2*j + 9*j = 511. Suppose -199 = 2*b + 2*b - 3*r, -196 = 4*b - 4*r. Let o = b + j. Calculate the remainder when o is divided by 5.
1
Let u(x) = 2*x**2 + 16*x - 9. Calculate the remainder when (-14)/63 - 2*137/(-18) is divided by u(-9).
6
Suppose 4*m + 16985 = 17341. What is the remainder when m is divided by (2 - (-6)/(-4))*74?
15
Let f = -8 + 10. Suppose 0 = w - 0 - f. Suppose 12 = a + 2*s, w*a + 5*s + 4 - 25 = 0. What is the remainder when 62 is divided by a?
8
Let y(f) be the second derivative of 7*f**3/6 - 7